{"id":221,"date":"2015-07-22T09:53:57","date_gmt":"2015-07-22T07:53:57","guid":{"rendered":"https:\/\/www.vogliovelo.de\/?page_id=221"},"modified":"2025-05-12T16:01:04","modified_gmt":"2025-05-12T14:01:04","slug":"atelier","status":"publish","type":"page","link":"https:\/\/www.vogliovelo.de\/?page_id=221","title":{"rendered":"Philosophie des Ateliers"},"content":{"rendered":"<p>Das Atelier ist kein vollgestellter Fahrrad-Supermarkt, Sie sollen die pr\u00e4sentierten Velos mit Ihren Sinnen, mit Ihrer Mu\u00dfe und Begeisterung in entspannter Atmosph\u00e4re erleben k\u00f6nnen.<\/p>\n<p style=\"margin-bottom: 15px; text-align: left;\">Alle in der Ausstellung befindlichen Velos d\u00fcrfen ausf\u00fchrlich betrachtet, besprochen und bewegt werden.<\/p>\n<p style=\"text-align: left;\"><em style=\"font-size: 14px; margin-top: 5px; margin-bottom: 5px;\"><strong>Beratung<\/strong><\/em><\/p>\n<p style=\"margin-bottom: 10px; text-align: left;\">Das Atelier bietet Ihnen eine detail- und facettenreiche Beratung, welche die Zeit und den Raum daf\u00fcr bieten, sich von unseren Velo Konzepten inspirieren und begeistern zu lassen.<\/p>\n<p style=\"text-align: left;\"><em style=\"font-size: 14px; margin-top: 5px; margin-bottom: 5px;\"><strong>Ergonomie<\/strong><\/em><\/p>\n<p style=\"margin-bottom: 10px; text-align: left;\">Mit einer m\u00f6glichst optimalen Anpassung von Mensch und Maschine wird f\u00fcr ein Fahr- und Bewegungserlebnis Sorge getragen, in dessen Kern es darum geht, Ihre Leistungsf\u00e4higkeit\u00a0bestm\u00f6glich zur Entfaltung \u00a0zu bringen.<\/p>\n<p style=\"text-align: left;\"><em style=\"font-size: 14px; margin-top: 5px; margin-bottom: 5px;\"><strong>Atelier<\/strong><\/em><\/p>\n<p style=\"text-align: left;\">Das Atelier im Atelier zelebriert mit Kompetenz und Transparenz der Liebe zur Velo Technik.<\/p>\n<p style=\"text-align: left;\">Unter dem Prinzip der \u201eoffenen Werkstatt\u201c verstehen sich der direkte Dialog mit Ihnen\u00a0in Verbindung mit einem qualitativ hochwertig ausgef\u00fchrten Handwerk.<\/p>\n<p style=\"margin-bottom: 20px; text-align: left;\">Wartung und Pflege sind der Garant f\u00fcr eine bestm\u00f6gliche Funktion Ihres Velos.<\/p>\n<p style=\"text-align: left;\"><em><strong>Waldeck\u00b4s Cr\u00e9ateur de Velo<\/strong><\/em><\/p>\n<p style=\"text-align: left;\">&#8211; die Planung und Erschaffung des pers\u00f6nlichen Traum Velos<\/p>\n<p style=\"text-align: left;\">&#8211; eine Frischzellenkur f\u00fcr Ihr bew\u00e4hrtes Velo<\/p>\n<p style=\"text-align: left;\">&#8211; die Erfahrung des Ateliers mit einer tiefreichenden Marktkenntnis<\/p>\n<p style=\"text-align: left;\">&#8211; eine gro\u00dfe Auswahl an Ideen und Detaill\u00f6sungen<\/p>\n<p style=\"text-align: left;\">&#8211; ausgefallene und einzigartige Produkte weltweiter Spezialisten<\/p>\n<p style=\"text-align: left;\">\n<p style=\"text-align: left;\">\n","protected":false},"excerpt":{"rendered":"<p>Das Atelier ist kein vollgestellter Fahrrad-Supermarkt, Sie sollen die pr\u00e4sentierten Velos mit Ihren Sinnen, mit Ihrer Mu\u00dfe und Begeisterung in entspannter Atmosph\u00e4re erleben k\u00f6nnen. Alle in der Ausstellung befindlichen Velos d\u00fcrfen ausf\u00fchrlich betrachtet, besprochen und bewegt werden. Beratung Das Atelier bietet Ihnen eine detail- und facettenreiche Beratung, welche die Zeit und den Raum daf\u00fcr bieten, &hellip; <a href=\"https:\/\/www.vogliovelo.de\/?page_id=221\" class=\"more-link\"><span class=\"screen-reader-text\">Philosophie des Ateliers<\/span> weiterlesen <span class=\"meta-nav\">&rarr;<\/span><\/a><\/p>\n","protected":false},"author":1,"featured_media":0,"parent":0,"menu_order":0,"comment_status":"closed","ping_status":"closed","template":"","meta":{"footnotes":""},"class_list":["post-221","page","type-page","status-publish","hentry"],"_links":{"self":[{"href":"https:\/\/www.vogliovelo.de\/index.php?rest_route=\/wp\/v2\/pages\/221","targetHints":{"allow":["GET"]}}],"collection":[{"href":"https:\/\/www.vogliovelo.de\/index.php?rest_route=\/wp\/v2\/pages"}],"about":[{"href":"https:\/\/www.vogliovelo.de\/index.php?rest_route=\/wp\/v2\/types\/page"}],"author":[{"embeddable":true,"href":"https:\/\/www.vogliovelo.de\/index.php?rest_route=\/wp\/v2\/users\/1"}],"replies":[{"embeddable":true,"href":"https:\/\/www.vogliovelo.de\/index.php?rest_route=%2Fwp%2Fv2%2Fcomments&post=221"}],"version-history":[{"count":21,"href":"https:\/\/www.vogliovelo.de\/index.php?rest_route=\/wp\/v2\/pages\/221\/revisions"}],"predecessor-version":[{"id":2722,"href":"https:\/\/www.vogliovelo.de\/index.php?rest_route=\/wp\/v2\/pages\/221\/revisions\/2722"}],"wp:attachment":[{"href":"https:\/\/www.vogliovelo.de\/index.php?rest_route=%2Fwp%2Fv2%2Fmedia&parent=221"}],"curies":[{"name":"wp","href":"https:\/\/api.w.org\/{rel}","templated":true}]}}

<p>Das Atelier ist kein vollgestellter Fahrrad-Supermarkt, Sie sollen die präsentierten Velos mit Ihren Sinnen, mit Ihrer Muße und Begeisterung in entspannter Atmosphäre erleben können.</p>
<p style="margin-bottom: 15px; text-align: left;">Alle in der Ausstellung befindlichen Velos dürfen ausführlich betrachtet, besprochen und bewegt werden.</p>
<p style="text-align: left;"><em style="font-size: 14px; margin-top: 5px; margin-bottom: 5px;"><strong>Beratung</strong></em></p>
<p style="margin-bottom: 10px; text-align: left;">Das Atelier bietet Ihnen eine detail- und facettenreiche Beratung, welche die Zeit und den Raum dafür bieten, sich von unseren Velo Konzepten inspirieren und begeistern zu lassen.</p>
<p style="text-align: left;"><em style="font-size: 14px; margin-top: 5px; margin-bottom: 5px;"><strong>Ergonomie</strong></em></p>
<p style="margin-bottom: 10px; text-align: left;">Mit einer möglichst optimalen Anpassung von Mensch und Maschine wird für ein Fahr- und Bewegungserlebnis Sorge getragen, in dessen Kern es darum geht, Ihre Leistungsfähigkeit bestmöglich zur Entfaltung  zu bringen.</p>
<p style="text-align: left;"><em style="font-size: 14px; margin-top: 5px; margin-bottom: 5px;"><strong>Atelier</strong></em></p>
<p style="text-align: left;">Das Atelier im Atelier zelebriert mit Kompetenz und Transparenz der Liebe zur Velo Technik.</p>
<p style="text-align: left;">Unter dem Prinzip der „offenen Werkstatt“ verstehen sich der direkte Dialog mit Ihnen in Verbindung mit einem qualitativ hochwertig ausgeführten Handwerk.</p>
<p style="margin-bottom: 20px; text-align: left;">Wartung und Pflege sind der Garant für eine bestmögliche Funktion Ihres Velos.</p>
<p style="text-align: left;"><em><strong>Waldeck´s Créateur de Velo</strong></em></p>
<p style="text-align: left;">&#8211; die Planung und Erschaffung des persönlichen Traum Velos</p>
<p style="text-align: left;">&#8211; eine Frischzellenkur für Ihr bewährtes Velo</p>
<p style="text-align: left;">&#8211; die Erfahrung des Ateliers mit einer tiefreichenden Marktkenntnis</p>
<p style="text-align: left;">&#8211; eine große Auswahl an Ideen und Detaillösungen</p>
<p style="text-align: left;">&#8211; ausgefallene und einzigartige Produkte weltweiter Spezialisten</p>
<p style="text-align: left;">
<p style="text-align: left;">

<p>Das Atelier ist kein vollgestellter Fahrrad-Supermarkt, Sie sollen die präsentierten Velos mit Ihren Sinnen, mit Ihrer Muße und Begeisterung in entspannter Atmosphäre erleben können. Alle in der Ausstellung befindlichen Velos dürfen ausführlich betrachtet, besprochen und bewegt werden. Beratung Das Atelier bietet Ihnen eine detail- und facettenreiche Beratung, welche die Zeit und den Raum dafür bieten, &hellip; <a href="https://www.vogliovelo.de/?page_id=221" class="more-link"><span class="screen-reader-text">Philosophie des Ateliers</span> weiterlesen <span class="meta-nav">&rarr;</span></a></p>
