{"id":1666,"date":"2020-02-10T16:33:06","date_gmt":"2020-02-10T14:33:06","guid":{"rendered":"https:\/\/www.vogliovelo.de\/?page_id=1666"},"modified":"2023-02-02T17:42:31","modified_gmt":"2023-02-02T15:42:31","slug":"laufraeder-built-with-artisan-passion","status":"publish","type":"page","link":"https:\/\/www.vogliovelo.de\/?page_id=1666","title":{"rendered":"Laufr\u00e4der &#8211; die &#8222;Seele&#8220; des Velos"},"content":{"rendered":"<p style=\"text-align: center;\"><em><strong>Laufr\u00e4der &#8211; die &#8222;Seele&#8220; des Velos<\/strong><\/em><\/p>\n<p style=\"text-align: center;\">Wenn vom Rahmenset i.d.R als &#8222;Herzst\u00fcck&#8220; im Sinne eines Velos gesprochen wird, dann bilden die Laufr\u00e4der dessen eigentliche &#8222;<em><strong>Seele&#8220;<\/strong> <\/em>ab.<\/p>\n<p style=\"text-align: center;\"><em><strong>Keine andere Baugruppe beschreibt eine wesentlichere Auswirkung\u00a0 auf die Charakteristik eines Fahrrades.<\/strong><\/em><\/p>\n<p style=\"text-align: center;\">So spielen, im jeweilig abgestimmten Kontext des Nutzungsprofiles, passend gebaute Laufr\u00e4der die Hauptrolle f\u00fcr ein dynamisches und gleichzeitig stets gut berechenbares Fahrverhalten.<\/p>\n<p style=\"text-align: center;\"><strong><em>Das Atelier hat sich seit seiner ersten Stunde durch den individualisierten Aufbau von Laufr\u00e4dern einen Namen gemacht.<\/em><\/strong><\/p>\n<p style=\"text-align: center;\">Diese T\u00e4tigkeit erfordert handwerkliches Geschick sowie Erfahrung im Umgang mit den unterschiedlichsten Werkstoffen.<\/p>\n<p style=\"text-align: center;\"><em>F\u00fcr fast jeden personalisierten Velo-Aufbau werden, unter Ber\u00fccksichtigung der vom Nutzer definierten Rahmenbedingungen, die dementsprechend ausgelegten Laufr\u00e4dern von Hand im Atelier angefertigt.<\/em><\/p>\n<figure id=\"attachment_1587\" aria-describedby=\"caption-attachment-1587\" style=\"width: 1600px\" class=\"wp-caption alignnone\"><a href=\"https:\/\/www.vogliovelo.de\/wp-content\/uploads\/2019\/10\/IMG_8418.jpg\"><img loading=\"lazy\" decoding=\"async\" class=\"size-full wp-image-1587\" src=\"https:\/\/www.vogliovelo.de\/wp-content\/uploads\/2019\/10\/IMG_8418.jpg\" alt=\"\" width=\"1600\" height=\"1200\" \/><\/a><figcaption id=\"caption-attachment-1587\" class=\"wp-caption-text\">Ein Laufrad technischer H\u00f6hepunkt 2019 ist hier im Atelier entstanden. Mavic\u00b4s brand neue Open Pro Carbon wurde hier mit den zuvor vorgestellten Kappstein Naben auf ewig mit Sapim Strong u. D-Light Speichen verbunden.<\/figcaption><\/figure>\n<p style=\"text-align: center;\"><em><strong>Built with artisan Passion<\/strong><\/em><\/p>\n<p style=\"text-align: center;\"><em>Die Kunst des im Rahmen der gegebenen Umst\u00e4nde perfekten Laufradbau\u00b4s bewegt sich stets im Spannungsfeld zwischen einem m\u00f6glichst geringen Gewicht bei einer gleichzeitig maximal m\u00f6glichen Stabilit\u00e4t, sowie in der Erf\u00fcllung des monet\u00e4r vereinbarten.<\/em><\/p>\n<p style=\"text-align: center;\">Dabei gen\u00fcgt es aus Sicht des Ateliers nicht, schlicht die \u00fcblichen Teile miteinander in Verbindung zu bringen &#8211; nein &#8211; es kommt auf die kleinen, aber in Bezug auf die Nachhaltigkeit und Stabilit\u00e4t ma\u00dfgeblichen Details an :<\/p>\n<p>&nbsp;<\/p>\n<ol>\n<li style=\"text-align: center;\"><strong>Absicherung der Speichenk\u00f6pfe am Nabenflansch<\/strong><\/li>\n<\/ol>\n<p>Der klassische Speichenbruch findet meist am Bogen der Speiche statt.<\/p>\n<p>Die Hauptursache hierf\u00fcr ist zu viel Spiel zwischen dem Kopf der Speiche und dem Flansch der Nabe, sodass sich im Zuge von tausenden Lastwechseln dieser Bereich der Speiche &#8222;m\u00fcde&#8220; arbeitet.<\/p>\n<p style=\"text-align: center;\"><a href=\"https:\/\/www.vogliovelo.de\/wp-content\/uploads\/2020\/02\/IMG_8478.jpg\"><img loading=\"lazy\" decoding=\"async\" class=\"alignnone size-large wp-image-1662\" src=\"https:\/\/www.vogliovelo.de\/wp-content\/uploads\/2020\/02\/IMG_8478-700x525.jpg\" alt=\"\" width=\"474\" height=\"356\" srcset=\"https:\/\/www.vogliovelo.de\/wp-content\/uploads\/2020\/02\/IMG_8478-700x525.jpg 700w, https:\/\/www.vogliovelo.de\/wp-content\/uploads\/2020\/02\/IMG_8478-300x225.jpg 300w, https:\/\/www.vogliovelo.de\/wp-content\/uploads\/2020\/02\/IMG_8478-768x576.jpg 768w, https:\/\/www.vogliovelo.de\/wp-content\/uploads\/2020\/02\/IMG_8478-1536x1152.jpg 1536w, https:\/\/www.vogliovelo.de\/wp-content\/uploads\/2020\/02\/IMG_8478.jpg 1600w\" sizes=\"auto, (max-width: 474px) 100vw, 474px\" \/><\/a><\/p>\n<p>Wie auf den Photos gut zu erkennen ist, wurden die Speichen zuvor mit speziellen Unterlegscheiben versehen.<\/p>\n<p><a href=\"https:\/\/www.vogliovelo.de\/wp-content\/uploads\/2019\/08\/IMG_8240.jpg\"><img loading=\"lazy\" decoding=\"async\" class=\"alignnone size-large wp-image-1497\" src=\"https:\/\/www.vogliovelo.de\/wp-content\/uploads\/2019\/08\/IMG_8240-700x525.jpg\" alt=\"\" width=\"474\" height=\"356\" srcset=\"https:\/\/www.vogliovelo.de\/wp-content\/uploads\/2019\/08\/IMG_8240-700x525.jpg 700w, https:\/\/www.vogliovelo.de\/wp-content\/uploads\/2019\/08\/IMG_8240-300x225.jpg 300w, https:\/\/www.vogliovelo.de\/wp-content\/uploads\/2019\/08\/IMG_8240-768x576.jpg 768w, https:\/\/www.vogliovelo.de\/wp-content\/uploads\/2019\/08\/IMG_8240.jpg 1600w\" sizes=\"auto, (max-width: 474px) 100vw, 474px\" \/><\/a><\/p>\n<p>Die hieraus entstehende Verk\u00fcrzung des Abstandes von Speiche zu Nabe eliminiert jegliches Spiel zwischen den beiden Komponenten, was wiederum der Dauerhaltbarkeit der Speiche zu Gute kommt und einen Erm\u00fcdungsbruch weitestgehend ausschlie\u00dft.<\/p>\n<p><em>Dieser Arbeitsschritt ist recht filigran und kann somit nur von Hand erfolgen &#8211; ERGO &#8211; die Speichenk\u00f6pfe mit der &#8222;Gold Kante &#8220; sind ein klares Zeichen f\u00fcr Hand gebaute Laufr\u00e4der.<\/em><\/p>\n<p>&nbsp;<\/p>\n<p>2. <strong>Bei unge\u00f6sten Felgen den Speichen-Nippel gesondert Lagern<\/strong><\/p>\n<p style=\"text-align: center;\">Felgen mit oder ohne \u00d6sen ?<\/p>\n<p style=\"text-align: center;\">Diese Glaubensfrage bestimmt seit jeher die Debatte f\u00fcr eine optimale Verarbeitung des Felgenringes.<\/p>\n<p style=\"text-align: center;\"><em>Nach \u00fcber 20 Jahren Erfahrung im Bau von Laufr\u00e4dern l\u00e4sst sich von dieser Stelle eindeutig die Aussage treffen, dass \u00d6sen bei Modellen mit einem geringen Preis eher in Risiko bzw. eine Sollbruchstelle darstellen.<\/em><\/p>\n<p style=\"text-align: center;\">So ist es kein Zufall, dass mit dem massenhaften Aufkommen ge\u00f6ster Felgen gegen Ende der 90-er Jahre auch die Automatisierung in Form von Einspeichmaschinen deutlich zunahm.<\/p>\n<p style=\"text-align: center;\">Die \u00d6se erleichtert der Maschine das Einspeichen sowie das Spannen der Speiche.<\/p>\n<p style=\"text-align: center;\">Allerdings verursacht die Montage der \u00d6sen im Felgenboden mehr oder weniger deutliche Verdichtungen sowie Einkerbungen im Material, was wiederum in einem sehr raschen Ausbrechen der \u00d6se resultieren kann.<\/p>\n<p style=\"text-align: center;\"><em>Hiermit soll jedoch nicht das \u00d6sen von Felgen per se kritisiert werden, es gibt auch zahlreiche Hersteller bzw. Modelle, bei denen die \u00d6sung sehr gut verarbeitet und somit in Bezug auf die Haltbarkeit unbedenklich ist.<\/em><\/p>\n<p style=\"text-align: center;\">Damit nun bei der Wahl einer Felge ohne \u00d6se der Nippel nicht direkt mit dem Felgenboden in Kontakt kommt,\u00a0 <strong>dies h\u00e4tte ja schlie\u00dflich wieder eine Materialverdichtung bzw. Kerbung zur Folge.<\/strong><\/p>\n<p style=\"text-align: center;\">Vor allem bei Felgen aus Carbon, sind diese Scheiben absolut verpflichtend zu verwenden.<\/p>\n<figure id=\"attachment_1596\" aria-describedby=\"caption-attachment-1596\" style=\"width: 1600px\" class=\"wp-caption alignnone\"><a href=\"https:\/\/www.vogliovelo.de\/wp-content\/uploads\/2019\/10\/IMG_8430.jpg\"><img loading=\"lazy\" decoding=\"async\" class=\"size-full wp-image-1596 aligncenter\" src=\"https:\/\/www.vogliovelo.de\/wp-content\/uploads\/2019\/10\/IMG_8430.jpg\" alt=\"\" width=\"1600\" height=\"1200\" \/><\/a><figcaption id=\"caption-attachment-1596\" class=\"wp-caption-text\">Gleiches gilt f\u00fcr den Nippelsitz in der Felge. Die Nippel werden hier nicht blank in die Felge gelegt. Vielmehr bewegen sie sich in einem speziellen Spacer, welcher an seinen inneren Kanten abgerundet ist. Somit kann sich der ebenfalls gerundete Nippel in einer Art Kugelpfanne entsprechend nach au\u00dfen lenken.<\/figcaption><\/figure>\n<p style=\"text-align: center;\">Der belgische Speichen-Spezialist Sapim bietet aktuell das Beste Modell\u00a0 in Form einer speziell geformten Unterlegscheibe, welche den Nippel in der Felge gesondert lagert und gleichzeitig die Druckfl\u00e4che vergr\u00f6\u00dfert, an.<\/p>\n<p><a href=\"https:\/\/www.vogliovelo.de\/wp-content\/uploads\/2020\/02\/IMG_84951.jpg\"><img loading=\"lazy\" decoding=\"async\" class=\"alignnone size-large wp-image-1668\" src=\"https:\/\/www.vogliovelo.de\/wp-content\/uploads\/2020\/02\/IMG_84951-700x525.jpg\" alt=\"\" width=\"474\" height=\"356\" srcset=\"https:\/\/www.vogliovelo.de\/wp-content\/uploads\/2020\/02\/IMG_84951-700x525.jpg 700w, https:\/\/www.vogliovelo.de\/wp-content\/uploads\/2020\/02\/IMG_84951-300x225.jpg 300w, https:\/\/www.vogliovelo.de\/wp-content\/uploads\/2020\/02\/IMG_84951-768x576.jpg 768w, https:\/\/www.vogliovelo.de\/wp-content\/uploads\/2020\/02\/IMG_84951-1536x1152.jpg 1536w, https:\/\/www.vogliovelo.de\/wp-content\/uploads\/2020\/02\/IMG_84951.jpg 1600w\" sizes=\"auto, (max-width: 474px) 100vw, 474px\" \/><\/a> <a href=\"https:\/\/www.vogliovelo.de\/wp-content\/uploads\/2020\/02\/IMG_84941.jpg\"><img loading=\"lazy\" decoding=\"async\" class=\"alignnone size-large wp-image-1667\" src=\"https:\/\/www.vogliovelo.de\/wp-content\/uploads\/2020\/02\/IMG_84941-700x525.jpg\" alt=\"\" width=\"474\" height=\"356\" srcset=\"https:\/\/www.vogliovelo.de\/wp-content\/uploads\/2020\/02\/IMG_84941-700x525.jpg 700w, https:\/\/www.vogliovelo.de\/wp-content\/uploads\/2020\/02\/IMG_84941-300x225.jpg 300w, https:\/\/www.vogliovelo.de\/wp-content\/uploads\/2020\/02\/IMG_84941-768x576.jpg 768w, https:\/\/www.vogliovelo.de\/wp-content\/uploads\/2020\/02\/IMG_84941-1536x1152.jpg 1536w, https:\/\/www.vogliovelo.de\/wp-content\/uploads\/2020\/02\/IMG_84941.jpg 1600w\" sizes=\"auto, (max-width: 474px) 100vw, 474px\" \/><\/a><\/p>\n<p style=\"text-align: center;\"><em>Auch dieser Arbeitsschritt erfordert eine gute Fingerfertigkeit und wird somit &#8211; nach Wissen des Ateliers &#8211; noch von keinem automatisierten Einspeichungssystem beherrscht.<\/em><\/p>\n<p>&nbsp;<\/p>\n<p style=\"text-align: center;\"><strong>3.\u00a0 Die Verbindung der Speichenkreutzungen f\u00fcr eine maximale Stabilit\u00e4t im Lastwechsel<\/strong><\/p>\n<figure id=\"attachment_1591\" aria-describedby=\"caption-attachment-1591\" style=\"width: 1600px\" class=\"wp-caption alignnone\"><a href=\"https:\/\/www.vogliovelo.de\/wp-content\/uploads\/2019\/10\/IMG_8423.jpg\"><img loading=\"lazy\" decoding=\"async\" class=\"size-full wp-image-1591\" src=\"https:\/\/www.vogliovelo.de\/wp-content\/uploads\/2019\/10\/IMG_8423.jpg\" alt=\"\" width=\"1600\" height=\"1200\" \/><\/a><figcaption id=\"caption-attachment-1591\" class=\"wp-caption-text\">F\u00fcr den Touch des Ewiglichen wurden die Speichen aufwendig von Hand verwickelt und anschlie\u00dfend verl\u00f6tet. Mehr Aufwand geht nicht.<\/figcaption><\/figure>\n<p style=\"text-align: center;\">F\u00fcr den letzten ultimativen Schliff sorgt das Verwickeln &amp; Verl\u00f6ten der Speichenkreutzungen.<\/p>\n<p style=\"text-align: center;\">Mit dieser mechanischen Verbindung wird jeder Lastwechsel effizienter \u00fcber das Speichenpaar abgewickelt, was sowohl der seitlichen Stabilit\u00e4t bzw. Steifigkeit als auch der Dauerhaltbarkeit f\u00fcr das gesamte Laufrad zutr\u00e4glich ist.<\/p>\n<p><a href=\"https:\/\/www.vogliovelo.de\/wp-content\/uploads\/2019\/10\/IMG_8404.jpg\"><img loading=\"lazy\" decoding=\"async\" class=\"alignnone size-full wp-image-1609\" src=\"https:\/\/www.vogliovelo.de\/wp-content\/uploads\/2019\/10\/IMG_8404.jpg\" alt=\"\" width=\"1600\" height=\"1200\" \/><\/a><\/p>\n<p style=\"text-align: center;\"><em>Dieser letzte Arbeitsschritt ist eine meisterhafte handwerkliche Auszeichnung, da das Geschick f\u00fcr eine optimale Verwicklung der Speichen ma\u00dfgeblich ist &#8211; ebenso der zeitliche Mehraufwand, welcher bei einem 36 Speichen Laufrad ca. eine Stunde betr\u00e4gt.<\/em><\/p>\n<p>&nbsp;<\/p>\n<p><strong>\u00a0 \u00a0 \u00a0 \u00a0 \u00a0 \u00a0 \u00a0 \u00a0 \u00a0 \u00a0 \u00a0 \u00a0 \u00a0 \u00a0 \u00a0 \u00a0 \u00a0 \u00a0 \u00a0 \u00a0 \u00a0 \u00a0 \u00a0 \u00a0 \u00a0 \u00a0 \u00a0 \u00a0 \u00a0 \u00a0 \u00a0 \u00a0 \u00a0 \u00a0 \u00a0 \u00a0 Fazit:<\/strong><\/p>\n<p style=\"text-align: center;\"><em><strong>Von Hand gebaute Laufr\u00e4der sind vor allem bei h\u00e4ufiger Nutzung stets die bessere Wahl \/ Investition.<\/strong><\/em><\/p>\n<p style=\"text-align: center;\"><strong><em>Der Markt bietet eine Vielzahl an qualitativ hochwertigen Produkt -L\u00f6sungen f\u00fcr jedes in Frage kommende Bauteil ( Felge, Speiche, Nippel, Nabe ) .<\/em><\/strong><\/p>\n<p style=\"text-align: center;\"><strong><em>Somit l\u00e4sst sich durch eine kluge und mit viel Erfahrung gespickte Auswahl ein ganz besonderes Ensembles erschaffen &#8211; quasi Laufr\u00e4der f\u00fcr\u00b4s Leben \ud83d\ude09\u00a0\u00a0<\/em><\/strong><\/p>\n<p style=\"text-align: center;\">\n","protected":false},"excerpt":{"rendered":"<p>Laufr\u00e4der &#8211; die &#8222;Seele&#8220; des Velos Wenn vom Rahmenset i.d.R als &#8222;Herzst\u00fcck&#8220; im Sinne eines Velos gesprochen wird, dann bilden die Laufr\u00e4der dessen eigentliche &#8222;Seele&#8220; ab. Keine andere Baugruppe beschreibt eine wesentlichere Auswirkung\u00a0 auf die Charakteristik eines Fahrrades. So spielen, im jeweilig abgestimmten Kontext des Nutzungsprofiles, passend gebaute Laufr\u00e4der die Hauptrolle f\u00fcr ein dynamisches und &hellip; <a href=\"https:\/\/www.vogliovelo.de\/?page_id=1666\" class=\"more-link\"><span class=\"screen-reader-text\">Laufr\u00e4der &#8211; die &#8222;Seele&#8220; des Velos<\/span> weiterlesen <span class=\"meta-nav\">&rarr;<\/span><\/a><\/p>\n","protected":false},"author":2,"featured_media":0,"parent":0,"menu_order":0,"comment_status":"closed","ping_status":"closed","template":"","meta":{"footnotes":""},"class_list":["post-1666","page","type-page","status-publish","hentry"],"_links":{"self":[{"href":"https:\/\/www.vogliovelo.de\/index.php?rest_route=\/wp\/v2\/pages\/1666","targetHints":{"allow":["GET"]}}],"collection":[{"href":"https:\/\/www.vogliovelo.de\/index.php?rest_route=\/wp\/v2\/pages"}],"about":[{"href":"https:\/\/www.vogliovelo.de\/index.php?rest_route=\/wp\/v2\/types\/page"}],"author":[{"embeddable":true,"href":"https:\/\/www.vogliovelo.de\/index.php?rest_route=\/wp\/v2\/users\/2"}],"replies":[{"embeddable":true,"href":"https:\/\/www.vogliovelo.de\/index.php?rest_route=%2Fwp%2Fv2%2Fcomments&post=1666"}],"version-history":[{"count":17,"href":"https:\/\/www.vogliovelo.de\/index.php?rest_route=\/wp\/v2\/pages\/1666\/revisions"}],"predecessor-version":[{"id":2294,"href":"https:\/\/www.vogliovelo.de\/index.php?rest_route=\/wp\/v2\/pages\/1666\/revisions\/2294"}],"wp:attachment":[{"href":"https:\/\/www.vogliovelo.de\/index.php?rest_route=%2Fwp%2Fv2%2Fmedia&parent=1666"}],"curies":[{"name":"wp","href":"https:\/\/api.w.org\/{rel}","templated":true}]}}